*3/3 - 37*i**2/2 + i - 906. Determine m(-19).
39
Let w(n) = n**2 + 7*n + 7. Let m be -1 + -2 - (16 + 92). Let g be m/4 + (-8)/32. Let b = 22 + g. Calculate w(b).
1
Let s be (2 - 4) + -2 + 6. Let x(q) = s*q + 2 - 4 + 1. Suppose -116 = -26*z + 40. Calculate x(z).
11
Let v(i) be the second derivative of 1/20*i**5 + 1/6*i**4 + 0*i**2 - 30 + 1/3*i**3 - 3*i. Calculate v(-2).
-4
Let m(p) = 2*p**2 + 6*p - 2. Let o = 18 + -1. Suppose -5*w - 37 = -o. Let g be m(w). Let k(d) = d**3 - 5*d**2 - 6*d + 4. Give k(g).
4
Suppose 0 = 5*y - 4*y - 5*y. Let p(a) = 4*a**2 - a**2 - a**3 - 2*a + 2 - 2*a**2 + y*a**2. Let h = -49 + 51. Determine p(h).
-6
Let c = -1015 - -1148. Let d = c - 131. Let j(o) = 4*o**2 - 2. Give j(d).
14
Suppose 5*h = -4*i + 21, -2*i + 23 = 4*h + 5. Let t(y) = y - 1149068 + 1149074 - 3*y. Give t(h).
-4
Let g(d) = -d**3 - 11*d**2 - 11*d - 8. Let a = -11624 - -11614. Calculate g(a).
2
Let v(f) be the second derivative of f**6/180 - f**5/20 + f**4/12 + 2*f**3 - 78*f. Let r(s) be the third derivative of v(s). What is r(4)?
10
Let b = 37323 - 37331. Let k(o) = -o**2 - o - 10. Let n(w) = 10 + 0*w**2 + 3*w**2 - 2*w**2. Let j(q) = 7*k(q) + 6*n(q). What is j(b)?
-18
Let i(a) = 191 - 369 - 17*a + 209. Give i(2).
-3
Let b(m) = -3*m**2 + 8*m - 44. Let q(l) = -13*l + 28*l + 7*l**2 - 11*l - 8*l**2 - 20. Let g(p) = 4*b(p) - 9*q(p). Give g(-4).
-28
Let d(v) = v**3 + 11*v**2 + v - 2. Let p(o) = 672*o - 11. Let i be p(0). Calculate d(i).
-13
Let m(n) be the second derivative of -n**4/12 - n**3/3 + 2*n**2 + 6*n. Let h(v) = 2*v**2 - 224*v + 651. Let x be h(109). Calculate m(x).
1
Let x(f) = -2*f**2 - 51*f - 61. Let w be x(-24). Let t(d) = 5*d - 11. Let b(v) = 14*v - 33. Let c(y) = 4*b(y) - 11*t(y). Calculate c(w).
0
Let a(j) = -3*j**2 + j**3 - 6 + 8*j - 2*j**2 - 3*j**2. Let t(k) = -k**3 + 14*k**2 + 15*k - 4. Let l be t(15). Let z be (7/4)/(l/(-16)). Determine a(z).
1
Let q = 9 + -12. Let g be 26/(-6) + 2/q. Let n(h) = -3*h - 10. Let x be n(g). Let k(u) = -u**2 + 6*u - 4. Calculate k(x).
1
Let y(f) = f**3 + 238 + 2247*f - 121*f**2 - 2242*f - 140*f**2 + 242*f**2. Calculate y(18).
4
Let n(w) be the second derivative of w**4/12 - 7*w**3/3 - 29*w**2/2 - 3311*w. Determine n(16).
3
Let g(v) = v**2 + 7*v + 6. Let p(a) = 3*a**3 + 6*a**2 + a. Let x be p(-5). Let r = x + 226. Determine g(r).
-6
Let i(g) = 5*g**3 + 5*g**2 + 9*g + 4. Let c(m) = m**3 + m**2 + 2*m + 1. Suppose -121 = -9*t - 40. Let a(s) = t*c(s) - 2*i(s). What is a(2)?
-11
Suppose 5*m + 24 = 8*m. Suppose -4*h + m = 32. Let z(f) be the third derivative of f**6/120 + 7*f**5/60 + 7*f**4/24 - f**3 - 3*f**2 - 52. What is z(h)?
-12
Suppose -14*u - 14*u = 4*u - 288. Let f(m) = 11*m - 92. What is f(u)?
7
Let n(m) be the third derivative of -m**9/60480 + m**6/360 - 8*m**5/5 - 40*m**2 - 2*m. Let l(k) be the third derivative of n(k). Give l(2).
-6
Suppose 16*n = 13*n + 9. Suppose -3*h + 13 = 1, -4*b - n*h + 100 = 0. Let q(f) = -4 - f**2 - b*f + 3 + 19*f. Give q(-4).
-5
Let a(u) be the first derivative of -u**4/4 - 2*u**3 - 2*u**2 + 6*u - 11. Suppose 0 = -v + g - 11, -1430*v + 1428*v + g = 16. What is a(v)?
1
Let l(i) = 4*i + 64. Let u = -6425 + 6404. Give l(u).
-20
Let s(v) = -v**2 + 7*v - 1. Suppose 122 - 394 = -68*c + 272. Give s(c).
-9
Let n(w) = -5*w - 2. Let c(q) be the first derivative of 4*q**2 + 2*q + 56. Let y(i) = 3*c(i) + 5*n(i). Calculate y(10).
-14
Let i(o) = o**2 + 5*o - 100. Let u be i(-21). Let a(z) = 119 - u - 5*z - z**2 + 119 + 2*z**2. Let c be (-1)/4 + (-54)/(-24). Determine a(c).
-4
Let k(g) = -g**2 + 14*g - 10. Let c be k(13). Suppose 101*u = 100*u + c. Let l(f) = f**3 - 2*f**2 - 4*f + 2. Determine l(u).
-1
Let g(u) = 146343 - 146352 + 7*u + u**3 + 3*u**2 + 7*u**2. Determine g(-10).
-79
Let t(u) = u**2 - 5*u - 1. Suppose -15 = -2*a - 5*d, 11 = -3*a + 3*d + 2. Let o be 1 - (a/(-4))/(-3). Suppose 5*q + o = 21. Determine t(q).
-5
Suppose 4*s + 0*s - 12 = 0. Suppose -s*z - 34 = -43. Let y(o) = 41*o**3 - o**2 + 0*o**2 - o - z*o**2 - 1 - 42*o**3. Give y(-4).
3
Let n(p) = -p**2 + 8*p + 14. Suppose 5*o - 12 = -v + 2*v, 5*v - 2*o - 32 = 0. Determine n(v).
14
Let i(d) be the second derivative of -49*d**3/6 + 147*d**2 - 2*d - 15. What is i(6)?
0
Let a = 1605 - 1586. Let c(k) = -k**2 + 16*k - 7. What is c(a)?
-64
Let q(r) = 3 - 5*r**3 + 12*r**3 + 96659*r - 96661*r + 3*r**2. What is q(2)?
67
Let i(a) = -a**2 - 17*a - 18. Suppose 50*q + 72 = 46*q + 4*o, 4 = 4*o. Give i(q).
-18
Suppose 156*o + 804 = 22*o. Let s(c) = -2*c + 3. Determine s(o).
15
Let s(d) be the second derivative of d**4/12 + 3*d**3/2 - 38*d**2 + 1118*d + 2. Determine s(5).
-6
Let l(a) = 31*a**2 - 14*a - 20. Let s(x) = -14*x**2 + 6*x + 9. Let i(b) = 3*l(b) + 7*s(b). Let z(u) = -u**2 - 10*u + 13. Let v be z(-11). What is i(v)?
-17
Let m(s) = 2*s**2 + 5*s + 4. Let d be m(-2). Let f be d/8 - 30/(-40). Let y(z) = f + z - z + 1 - z. What is y(5)?
-3
Let w(a) = -8*a**2 - 72*a + 3. Suppose 0 = 300*n - 308*n - 72. What is w(n)?
3
Let l = 3 - 2. Suppose -a - 22 = 5*o, 13*o - 5 = 14*o. Let d(b) = 2*b**3 + 1 - 854*b**2 + 0*b**a + 853*b**2. Give d(l).
2
Suppose -24 = 4*w - 3*p - 2, -4*w - 10 = -p. Let g(l) = 10*l**2 + 6*l + 7. Calculate g(w).
11
Let x(l) = 241*l**2 - 237*l - 3. Let d be x(1). Let k(i) = -i**3 - 5*i**2 - 7*i + 10. What is k(d)?
-3
Let f(k) = k**2 - 5*k - 10. Let w(b) = b**2 - 4*b - 19. Let j be w(-5). Suppose -10 = -6*i + j. Determine f(i).
-4
Suppose 10*x = 190 + 170. Suppose 0*c + x = 3*c. Suppose -c = 3*y - 0*y. Let d(i) = -i**3 - 5*i**2 - 4*i + 1. Give d(y).
1
Let p(b) = -8*b + 27. Let n be p(3). Let x(v) be the third derivative of -v**6/120 + v**5/20 + v**3/6 + 154*v**2 + 2. Determine x(n).
1
Let m(p) = p**2 - 29 - 25723*p - 25710*p + 51443*p. What is m(-11)?
-18
Let r be (20/50)/(4/(-440)). Let q(c) = 26*c + 2. Let t be q(-2). Let u = t - r. Let b(a) = -a**2 - 5*a + 3. Determine b(u).
-3
Let m(r) = -7*r**3 + r**2 + 6*r + 31. Let f(w) = -w**3 + w. Let x(l) = -6*f(l) + m(l). Let y = -133104 - -133104. What is x(y)?
31
Let r be (986/(-34))/(0 - (-1 + 0)). Let l(v) = -v**3 - 28*v**2 + 33*v + 36. Give l(r).
-80
Suppose -17*p = 7*p - 72. Let z(b) = 26*b. Give z(p).
78
Suppose -4*w - 78 = -6*w - m, -3*w = -2*m - 124. Suppose 5*p + 3*r = -w, 1 = -2*r - 9. Let x(j) = 8*j**2 - 5*j**2 + 3*j**2 + 4*j + j**3 + 6 + 4*j. What is x(p)?
-9
Suppose -3*b = 2 - 8. Suppose -18 = 34*x - 37*x. Suppose -b*z = z - x. Let c(l) = l**2 - 4*l + 2. Determine c(z).
-2
Let f = 532 - 530. Let o(y) = -y**3 + 0*y**3 + 12 - 3*y**f - 8 - 5 - 2*y. Give o(-2).
-1
Let d(u) = -10*u + 11. Let f = -229 - -231. Let z(g) = -3*g + 3. Let l(j) = f*d(j) - 7*z(j). Let h(q) = -q**2 + q - 2. Let s be h(2). Give l(s).
-3
Let n(j) = -j**3 - 9*j**2 + 114*j + 11. Let a be n(-16). Let d(h) = h**3 + 21*h**2 + 2*h + 10. Calculate d(a).
-32
Let s(a) = -3*a - 30 - 46 + 0 + 45 + 2*a. What is s(-9)?
-22
Let q(i) = 5*i**2 - 4*i - 2. Let a(o) = -o**2 + 1. Let s(h) = -6*a(h) - q(h). Let m(j) = 7588*j + 15170. Let l be m(-2). Give s(l).
8
Let t(v) be the second derivative of -5/6*v**3 - 25*v + 0 - 21*v**2 + 1/4*v**4 + 1/60*v**5. Let g(h) be the first derivative of t(h). Calculate g(-5).
-10
Let w be (0/(-1))/(-3 + 1). Suppose -15 + w = -15*p. Let n(b) = 23*b**3 - 2*b**2 + b. Determine n(p).
22
Let j(m) = -4*m**2 + 58*m + 33. Let l be j(15). Let u(c) be the second derivative of -1/3*c**l - 1/20*c**5 - 2*c**2 + 16*c + 7/12*c**4 + 0. What is u(6)?
20
Let y(n) be the first derivative of 3*n - 1/3*n**3 + 3/2*n**2 + 399. Suppose 0 = 2*d - 6*d + p + 12, 5*p = -5*d + 15. Give y(d).
3
Let s(q) = -q + 2. Let d(h) = 5*h - 26. Suppose 0 = -2*r + 12*r - 10. Let b(u) = r*d(u) + 4*s(u). What is b(6)?
-12
Let r(c) = 6*c**3 + 20*c**2 - 6. Let n(b) = -5*b**3 - 20*b**2 + 6. Let l(y) = 7*n(y) + 6*r(y). Give l(20).
6
Let j(v) = 74*v**2 + 2*v + 2. Let a(b) = -b**2 - b - 1. Let g(f) = -a(f) - j(f). What is g(1)?
-75
Let b(v) = -72*v - 428. Let a be b(-6). Let z(j) = -j**3 + 5*j**2 + 2. Calculate z(a).
18
Let d(l) = -9*l**2 - 105*l + 181*l + 0*l**2 - 101*l - 3. What is d(-3)?
-9
Let q(h) = -h**2 + 5*h + 15. Let j be ((-111)/(-74))/((-3)/1466). Let t = j + 740. Give q(t).
1
Let g = -3 - 3. Let o(u) = 7*u - 129*u**3 - 14*u**3 - 11*u**3 + 5 - 5*u**2 + 153*u**3. Determine o(g).
-1
Let f(b) = -8*b**3 + 9*b**3 - 2 + 2*b**2 + 150*b 